{"id":2952,"date":"2025-03-31T10:58:46","date_gmt":"2025-03-31T08:58:46","guid":{"rendered":"https:\/\/zpotarnobrzeg.pl\/?page_id=2952"},"modified":"2026-03-16T09:01:15","modified_gmt":"2026-03-16T08:01:15","slug":"deklaracja-dostepnosci","status":"publish","type":"page","link":"https:\/\/zpotarnobrzeg.pl\/?page_id=2952","title":{"rendered":"Deklaracja dost\u0119pno\u015bci"},"content":{"rendered":"\n<p>SP ZOZ Zak\u0142ad Piel\u0119gnacyjno-Opieku\u0144czy w Tarnobrzegu zobowi\u0105zuje si\u0119 zapewni\u0107 dost\u0119pno\u015b\u0107 swojej strony internetowej zgodnie z ustaw\u0105 z dnia 4 kwietnia 2019 r. o dost\u0119pno\u015bci cyfrowej stron internetowych i aplikacji mobilnych podmiot\u00f3w publicznych.<\/p>\n\n\n\n<p>Deklaracja dost\u0119pno\u015bci dotyczy strony <a href=\"http:\/\/www.zpotarnobrzeg.pl\" target=\"_blank\" rel=\"noreferrer noopener\">http:\/\/www.zpotarnobrzeg.pl<\/a>.<\/p>\n\n\n\n<ul class=\"wp-block-list\">\n<li>Data publikacji strony internetowej: 13 grudnia 2012 r.<\/li>\n\n\n\n<li>Data ostatniej istotnej aktualizacji: 10 wrze\u015bnia 2024 r.<\/li>\n<\/ul>\n\n\n\n<h2 class=\"wp-block-heading\">Stan dost\u0119pno\u015bci cyfrowej<\/h2>\n\n\n\n<p id=\"a11y-status\">Ta strona internetowa jest cz\u0119\u015bciowo zgodna z za\u0142\u0105cznikiem do ustawy o dost\u0119pno\u015bci cyfrowej z dnia 4 kwietnia 2019 r. o dost\u0119pno\u015bci cyfrowej stron internetowych i aplikacji mobilnych podmiot\u00f3w publicznych z powodu [niezgodno\u015bci i wy\u0142\u0105cze\u0144] wymienionych poni\u017cej.<\/p>\n\n\n\n<h2 class=\"wp-block-heading\">Niedost\u0119pne tre\u015bci<\/h2>\n\n\n\n<h3 class=\"wp-block-heading\">Niezgodno\u015b\u0107 z za\u0142\u0105cznikiem<\/h3>\n\n\n\n<ul class=\"wp-block-list\">\n<li>Brak alternatywnych opis\u00f3w dla grafik i multimedi\u00f3w.<\/li>\n<\/ul>\n\n\n\n<h3 class=\"wp-block-heading\">Tre\u015bci nieobj\u0119te przepisami<\/h3>\n\n\n\n<ul class=\"wp-block-list\">\n<li>Materia\u0142y opublikowane zosta\u0142y na stronie internetowej przed wej\u015bciem w \u017cycie ustawy o dost\u0119pno\u015bci cyfrowej.<\/li>\n<\/ul>\n\n\n\n<h3 class=\"wp-block-heading\">Nadmierne koszty<\/h3>\n\n\n\n<ul class=\"wp-block-list\">\n<li>Planujemy przebudowa\u0107 stron\u0119 gdy tylko b\u0119dziemy mie\u0107 odpowiednie \u015brodki na ten cel. Podczas przebudowy zamierzamy zlikwidowa\u0107 wszystkie b\u0142\u0119dy dost\u0119pno\u015bci cyfrowej.<\/li>\n<\/ul>\n\n\n\n<h2 class=\"wp-block-heading\">Przygotowanie deklaracji dost\u0119pno\u015bci<\/h2>\n\n\n\n<ul class=\"wp-block-list\">\n<li>Data sporz\u0105dzenia deklaracji: 31 grudnia 2020 r.<\/li>\n\n\n\n<li>Data ostatniego przegl\u0105du deklaracji: 16 marca 2026 r.<\/li>\n<\/ul>\n\n\n\n<p>Deklaracj\u0119 sporz\u0105dzili\u015bmy na podstawie samooceny w oparciu o <a href=\"https:\/\/www.gov.pl\/attachment\/1a3e2bb5-6d60-4897-ac2f-07a8e91e70ed\">List\u0119 kontroln\u0105 do badania dost\u0119pno\u015bci cyfrowej strony internetowej v. 2.2 (docx, 0,12MB)<\/a>.<\/p>\n\n\n\n<h2 class=\"wp-block-heading\">Skr\u00f3ty klawiaturowe<\/h2>\n\n\n\n<ul class=\"wp-block-list\">\n<li>Na stronie internetowej mo\u017cna u\u017cywa\u0107 standardowych skr\u00f3t\u00f3w klawiszowych.<\/li>\n<\/ul>\n\n\n\n<h2 class=\"wp-block-heading\">Informacje zwrotne i dane kontaktowe<\/h2>\n\n\n\n<p>Wszystkie problemy z dost\u0119pno\u015bci\u0105 cyfrow\u0105 tej strony internetowej mo\u017cesz zg\u0142osi\u0107 do Renata Gr\u0119bowiec &#8211; mejlowo <a href=\"mailto:zpotarnobrze@zpotarnobrzeg.pl\">zpotarnobrze@zpotarnobrzeg.pl<\/a> lub telefonicznie <a href=\"tel:158236496\">15 823 64 96<\/a>.<\/p>\n\n\n\n<p>Ka\u017cdy ma prawo wyst\u0105pi\u0107 z \u017c\u0105daniem zapewnienia dost\u0119pno\u015bci cyfrowej tej strony internetowej lub jej element\u00f3w.<\/p>\n\n\n\n<p>Zg\u0142aszaj\u0105c takie \u017c\u0105danie podaj:<\/p>\n\n\n\n<ul class=\"wp-block-list\">\n<li>swoje imi\u0119 i nazwisko,<\/li>\n\n\n\n<li>swoje dane kontaktowe (np. numer telefonu, e-mail),<\/li>\n\n\n\n<li>dok\u0142adny adres strony internetowej, na kt\u00f3rej jest niedost\u0119pny cyfrowo element lub tre\u015b\u0107,<\/li>\n\n\n\n<li>opis na czym polega problem i jaki spos\u00f3b jego rozwi\u0105zania by\u0142by dla Ciebie najwygodniejszy.<\/li>\n<\/ul>\n\n\n\n<p>Na Twoje zg\u0142oszenie odpowiemy najszybciej jak to mo\u017cliwe, nie p\u00f3\u017aniej ni\u017c w ci\u0105gu 7 dni od jego otrzymania.<\/p>\n\n\n\n<p>Je\u017celi ten termin b\u0119dzie dla nas zbyt kr\u00f3tki poinformujemy Ci\u0119 o tym. W tej informacji podamy nowy termin, do kt\u00f3rego poprawimy zg\u0142oszone przez Ciebie b\u0142\u0119dy lub przygotujemy informacje w alternatywny spos\u00f3b. Ten nowy termin nie b\u0119dzie d\u0142u\u017cszy ni\u017c 2 miesi\u0105ce.<\/p>\n\n\n\n<p>Je\u017celi nie b\u0119dziemy w stanie zapewni\u0107 dost\u0119pno\u015bci cyfrowej strony internetowej lub tre\u015bci, wskazanej w Twoim \u017c\u0105daniu, zaproponujemy Ci dost\u0119p do nich w alternatywny spos\u00f3b.<\/p>\n\n\n\n<h2 class=\"wp-block-heading\">Obs\u0142uga wniosk\u00f3w i skarg zwi\u0105zanych z dost\u0119pno\u015bci\u0105<\/h2>\n\n\n\n<p>Je\u017celi w odpowiedzi na Tw\u00f3j wniosek o zapewnienie dost\u0119pno\u015bci cyfrowej, odm\u00f3wimy zapewnienia \u017c\u0105danej przez Ciebie dost\u0119pno\u015bci cyfrowej, a Ty nie zgadzasz si\u0119 z t\u0105 odmow\u0105, masz prawo z\u0142o\u017cy\u0107 skarg\u0119.<\/p>\n\n\n\n<p>Skarg\u0119 masz prawo z\u0142o\u017cy\u0107 tak\u017ce, je\u015bli nie zgadzasz si\u0119 na skorzystanie z alternatywnego sposobu dost\u0119pu, kt\u00f3ry zaproponowali\u015bmy Ci w odpowiedzi na Tw\u00f3j wniosek o zapewnienie dost\u0119pno\u015bci cyfrowej.<\/p>\n\n\n\n<p>Ewentualn\u0105 skarg\u0119 z\u0142\u00f3\u017c listownie lub mailem do kierownictwa naszego Zak\u0142adu:<\/p>\n\n\n\n<ul class=\"wp-block-list\">\n<li>Zenobia Juda,<\/li>\n\n\n\n<li>Adres: ul. Dekutowskiego 20 39-400 Tarnobrzeg,<\/li>\n\n\n\n<li>mejl: <a href=\"mailto:zpotarnobrzeg@zpotarnobrzeg.pl\">zpotarnobrzeg@zpotarnobrzeg.pl<\/a>.<\/li>\n<\/ul>\n\n\n\n<p><a href=\"https:\/\/www.gov.pl\/web\/gov\/zloz-wniosek-o-zapewnienie-dostepnosci-cyfrowej-strony-internetowej-lub-aplikacji-mobilnej\">Pomocne mog\u0105 by\u0107 informacje, kt\u00f3re mo\u017cna znale\u017a\u0107 na rz\u0105dowym portalu gov.pl<\/a>.<\/p>\n\n\n\n<p>Mo\u017cesz tak\u017ce poinformowa\u0107 o tej sytuacji <a href=\"https:\/\/bip.brpo.gov.pl\/\">Rzecznika Praw Obywatelskich<\/a> i poprosi\u0107 o interwencj\u0119 w Twojej sprawie.<\/p>\n\n\n\n<h2 class=\"wp-block-heading\">Pozosta\u0142e informacje<\/h2>\n\n\n\n<h3 class=\"wp-block-heading\">Dost\u0119pno\u015b\u0107 architektoniczna<\/h3>\n\n\n\n<h4 class=\"wp-block-heading\">SP ZOZ Zak\u0142ad Piel\u0119gnacyjno-Opieku\u0144czy w Tarnobrzegu<\/h4>\n\n\n\n<p>Dekutowskiego 20<\/p>\n\n\n\n<p>39-400 Tarnobrzeg<\/p>\n\n\n\n<h5 class=\"wp-block-heading\">Parking<\/h5>\n\n\n\n<ul class=\"wp-block-list\">\n<li>Mo\u017cesz skorzysta\u0107 z miejsca parkingowego. Na parkingu wyznaczyli\u015bmy 1 miejsc przeznaczonych dla os\u00f3b niepe\u0142nosprawnych. Pami\u0119taj o zabraniu karty parkingowej i umieszczeniu jej za szyb\u0105.<\/li>\n\n\n\n<li>Parking jest bezp\u0142atny.<\/li>\n<\/ul>\n\n\n\n<h5 class=\"wp-block-heading\">Pies asystuj\u0105cy<\/h5>\n\n\n\n<ul class=\"wp-block-list\">\n<li>Mo\u017cesz przyj\u015b\u0107 z psem asystuj\u0105cym lub psem przewodnikiem. Pami\u0119taj o certyfikacie psa asystuj\u0105cego i za\u015bwiadczeniu o szczepieniu.<\/li>\n\n\n\n<li>Pies musi mie\u0107 kaganiec. Nie dotyczy ps\u00f3w przewodnik\u00f3w.<\/li>\n<\/ul>\n\n\n\n<h5 class=\"wp-block-heading\">Wej\u015bcie do budynku<\/h5>\n\n\n\n<ul class=\"wp-block-list\">\n<li>Wej\u015bcie jest na poziomie gruntu. Nie ma przeszk\u00f3d, by wjecha\u0107 na w\u00f3zku.<\/li>\n\n\n\n<li>Przy schodach znajduje si\u0119 por\u0119cz.<\/li>\n\n\n\n<li>Drzwi musisz otworzy\u0107 r\u0119cznie.<\/li>\n\n\n\n<li>Otwieraj\u0105 si\u0119 na zewn\u0105trz.<\/li>\n\n\n\n<li>Otworzenie drzwi nie wymaga du\u017cej si\u0142y.<\/li>\n\n\n\n<li>Skorzystaj z dzwonka przy drzwiach.<\/li>\n<\/ul>\n\n\n\n<h5 class=\"wp-block-heading\">Przestrze\u0144 za wej\u015bciem<\/h5>\n\n\n\n<ul class=\"wp-block-list\">\n<li>Pomieszczenie jest dobrze o\u015bwietlone.<\/li>\n<\/ul>\n\n\n\n<h5 class=\"wp-block-heading\">Ci\u0105gi poziome<\/h5>\n\n\n\n<ul class=\"wp-block-list\">\n<li>Wszystkie korytarze s\u0105 dost\u0119pne.<\/li>\n<\/ul>\n\n\n\n<h5 class=\"wp-block-heading\">Ci\u0105gi pionowe<\/h5>\n\n\n\n<ul class=\"wp-block-list\">\n<li>Na inne kondygnacje mo\u017cesz si\u0119 dosta\u0107 za pomoc\u0105 schod\u00f3w<\/li>\n\n\n\n<li>Mo\u017cesz skorzysta\u0107 z windy.<\/li>\n<\/ul>\n\n\n\n<h6 class=\"wp-block-heading\">Schody<\/h6>\n\n\n\n<ul class=\"wp-block-list\">\n<li>Przy schodach znajduje si\u0119 por\u0119cz wzd\u0142u\u017c ca\u0142ego ci\u0105gu.<\/li>\n<\/ul>\n\n\n\n<h6 class=\"wp-block-heading\">Winda<\/h6>\n\n\n\n<ul class=\"wp-block-list\">\n<li>Drzwi musisz otworzy\u0107 r\u0119cznie<\/li>\n\n\n\n<li>Winda znajduje si\u0119 w budynku<\/li>\n<\/ul>\n\n\n\n<h5 class=\"wp-block-heading\">Pomieszczenia<\/h5>\n\n\n\n<ul class=\"wp-block-list\">\n<li>Wszystkie pomieszczenia s\u0105 dost\u0119pne dla os\u00f3b na w\u00f3zkach.<\/li>\n<\/ul>\n\n\n\n<h5 class=\"wp-block-heading\">\u0141azienka<\/h5>\n\n\n\n<ul class=\"wp-block-list\">\n<li>W budynku jest toaleta dost\u0119pna dla os\u00f3b z niepe\u0142nosprawno\u015bci\u0105.<\/li>\n\n\n\n<li>Drzwi otwieraj\u0105 si\u0119 na zewn\u0105trz.<\/li>\n\n\n\n<li>Nie ma przeszk\u00f3d, by wjecha\u0107 na w\u00f3zku do \u0142azienki.<\/li>\n\n\n\n<li>Pochwyty s\u0105 po obu stronach ust\u0119pu.<\/li>\n<\/ul>\n\n\n\n<h3 class=\"wp-block-heading\">Dost\u0119pno\u015b\u0107 komunikacyjno-informacyjna<\/h3>\n\n\n\n<ul class=\"wp-block-list\">\n<li>Jak wnioskowa\u0107 o t\u0142umacza polskiego j\u0119zyka migowego: https:\/\/zpotarnobrzeg.pl\/?page_id=2944<\/li>\n\n\n\n<li>Aktualny raport z zapewnienia dost\u0119pno\u015bci: https:\/\/www.e-bip.org.pl\/zpotarnobrzeg\/41852<\/li>\n\n\n\n<li>Deklaracja dost\u0119pno\u015bci zosta\u0142a przygotowana w <a href=\"https:\/\/deklaracja-dostepnosci.info\/generator\">Generatorze Deklaracji Dost\u0119pno\u015bci<\/a>.<\/li>\n<\/ul>\n","protected":false},"excerpt":{"rendered":"<p>SP ZOZ Zak\u0142ad Piel\u0119gnacyjno-Opieku\u0144czy w Tarnobrzegu zobowi\u0105zuje si\u0119 zapewni\u0107 dost\u0119pno\u015b\u0107 swojej strony internetowej zgodnie z ustaw\u0105 z dnia 4 kwietnia 2019 r. o dost\u0119pno\u015bci cyfrowej stron internetowych i aplikacji mobilnych podmiot\u00f3w publicznych. Deklaracja dost\u0119pno\u015bci dotyczy strony http:\/\/www.zpotarnobrzeg.pl. Stan dost\u0119pno\u015bci cyfrowej Ta strona internetowa jest cz\u0119\u015bciowo zgodna z za\u0142\u0105cznikiem do ustawy o dost\u0119pno\u015bci cyfrowej z dnia &hellip; <\/p>\n<p class=\"link-more\"><a href=\"https:\/\/zpotarnobrzeg.pl\/?page_id=2952\" class=\"more-link\">Czytaj dalej<span class=\"screen-reader-text\"> \u201eDeklaracja dost\u0119pno\u015bci\u201d<\/span><\/a><\/p>\n","protected":false},"author":1,"featured_media":0,"parent":0,"menu_order":0,"comment_status":"closed","ping_status":"closed","template":"","meta":{"footnotes":""},"class_list":["post-2952","page","type-page","status-publish","hentry"],"_links":{"self":[{"href":"https:\/\/zpotarnobrzeg.pl\/index.php?rest_route=\/wp\/v2\/pages\/2952","targetHints":{"allow":["GET"]}}],"collection":[{"href":"https:\/\/zpotarnobrzeg.pl\/index.php?rest_route=\/wp\/v2\/pages"}],"about":[{"href":"https:\/\/zpotarnobrzeg.pl\/index.php?rest_route=\/wp\/v2\/types\/page"}],"author":[{"embeddable":true,"href":"https:\/\/zpotarnobrzeg.pl\/index.php?rest_route=\/wp\/v2\/users\/1"}],"replies":[{"embeddable":true,"href":"https:\/\/zpotarnobrzeg.pl\/index.php?rest_route=%2Fwp%2Fv2%2Fcomments&post=2952"}],"version-history":[{"count":2,"href":"https:\/\/zpotarnobrzeg.pl\/index.php?rest_route=\/wp\/v2\/pages\/2952\/revisions"}],"predecessor-version":[{"id":2962,"href":"https:\/\/zpotarnobrzeg.pl\/index.php?rest_route=\/wp\/v2\/pages\/2952\/revisions\/2962"}],"wp:attachment":[{"href":"https:\/\/zpotarnobrzeg.pl\/index.php?rest_route=%2Fwp%2Fv2%2Fmedia&parent=2952"}],"curies":[{"name":"wp","href":"https:\/\/api.w.org\/{rel}","templated":true}]}}