{"id":506,"date":"2016-09-25T20:56:05","date_gmt":"2016-09-25T18:56:05","guid":{"rendered":"http:\/\/zpotarnobrzeg.pl\/?page_id=506"},"modified":"2017-06-15T08:50:53","modified_gmt":"2017-06-15T06:50:53","slug":"wydarzenia","status":"publish","type":"page","link":"https:\/\/zpotarnobrzeg.pl\/?page_id=506","title":{"rendered":"Wydarzenia"},"content":{"rendered":"<figure id=\"attachment_1379\" aria-describedby=\"caption-attachment-1379\" style=\"width: 150px\" class=\"wp-caption alignleft\"><a title=\"Dni Tarnobrzega 2017\" href=\"https:\/\/zpotarnobrzeg.pl\/dni-tarnobrzega-2017\/\"><img loading=\"lazy\" decoding=\"async\" class=\"size-thumbnail wp-image-1379\" title=\"Dni Tarnobrzega 2017\" alt=\"20170603_140321\" src=\"https:\/\/zpotarnobrzeg.pl\/wp-content\/uploads\/2017\/06\/20170603_140321-150x150.jpg\" width=\"150\" height=\"150\" \/><\/a><figcaption id=\"caption-attachment-1379\" class=\"wp-caption-text\">Dni Tarnobrzega 2017<\/figcaption><\/figure>\n<figure id=\"attachment_1372\" aria-describedby=\"caption-attachment-1372\" style=\"width: 150px\" class=\"wp-caption alignleft\"><a title=\"Medal \u201eWiernie i Wytrwale\u201d dla Pani Kierownik\" href=\"https:\/\/zpotarnobrzeg.pl\/medal-wiernie-i-wytrwale-dla-pani-kierownik-3\/\"><img loading=\"lazy\" decoding=\"async\" class=\"size-thumbnail wp-image-1372\" title=\"Medal Wiernie i Wytrwale\" alt=\"DSC02211-str-768x1024\" src=\"https:\/\/zpotarnobrzeg.pl\/wp-content\/uploads\/2017\/06\/DSC02211-str-768x1024-150x150.jpg\" width=\"150\" height=\"150\" \/><\/a><figcaption id=\"caption-attachment-1372\" class=\"wp-caption-text\">Medal Wiernie i Wytrwale<\/figcaption><\/figure>\n<figure id=\"attachment_1287\" aria-describedby=\"caption-attachment-1287\" style=\"width: 150px\" class=\"wp-caption alignleft\"><a title=\"Zofi\u00f3wka\" href=\"https:\/\/zpotarnobrzeg.pl\/zofiowka\/\"><img loading=\"lazy\" decoding=\"async\" class=\"size-thumbnail wp-image-1287\" title=\"Zofi\u00f3wka\" alt=\"DSC02185\" src=\"https:\/\/zpotarnobrzeg.pl\/wp-content\/uploads\/2017\/05\/DSC02185-150x150.jpg\" width=\"150\" height=\"150\" \/><\/a><figcaption id=\"caption-attachment-1287\" class=\"wp-caption-text\">Zofi\u00f3wka<\/figcaption><\/figure>\n<figure id=\"attachment_1256\" aria-describedby=\"caption-attachment-1256\" style=\"width: 150px\" class=\"wp-caption alignleft\"><a title=\"Porady medyczne ZPO\" href=\"https:\/\/zpotarnobrzeg.pl\/porady-medyczne-zpo\/\"><img loading=\"lazy\" decoding=\"async\" class=\"size-thumbnail wp-image-1256\" title=\"Porady medyczne ZPO\" alt=\"P1040635\" src=\"https:\/\/zpotarnobrzeg.pl\/wp-content\/uploads\/2017\/05\/P1040635-150x150.jpg\" width=\"150\" height=\"150\" \/><\/a><figcaption id=\"caption-attachment-1256\" class=\"wp-caption-text\">Porady medyczne ZPO<\/figcaption><\/figure>\n<figure id=\"attachment_1232\" aria-describedby=\"caption-attachment-1232\" style=\"width: 150px\" class=\"wp-caption alignleft\"><a title=\"Wizyta go\u015bci z Ukrainy\" href=\"https:\/\/zpotarnobrzeg.pl\/wizyta-gosci-z-ukrainy\/\"><img loading=\"lazy\" decoding=\"async\" class=\"size-thumbnail wp-image-1232\" title=\"Wizyta go\u015bci z Ukrainy\" alt=\"DSC01793\" src=\"https:\/\/zpotarnobrzeg.pl\/wp-content\/uploads\/2017\/05\/DSC01793-150x150.jpg\" width=\"150\" height=\"150\" \/><\/a><figcaption id=\"caption-attachment-1232\" class=\"wp-caption-text\">Wizyta go\u015bci z Ukrainy<\/figcaption><\/figure>\n<figure id=\"attachment_1196\" aria-describedby=\"caption-attachment-1196\" style=\"width: 150px\" class=\"wp-caption alignleft\"><a title=\"Spotkanie wielkanocne\" href=\"https:\/\/zpotarnobrzeg.pl\/spotkanie-wielkanocne\/\"><img loading=\"lazy\" decoding=\"async\" class=\"size-thumbnail wp-image-1196\" title=\"Spotkanie wielkanocne\" alt=\"DSC01671\" src=\"https:\/\/zpotarnobrzeg.pl\/wp-content\/uploads\/2017\/04\/DSC01671-150x150.jpg\" width=\"150\" height=\"150\" \/><\/a><figcaption id=\"caption-attachment-1196\" class=\"wp-caption-text\">Spotkanie wielkanocne<\/figcaption><\/figure>\n<figure id=\"attachment_1176\" aria-describedby=\"caption-attachment-1176\" style=\"width: 150px\" class=\"wp-caption alignleft\"><a title=\"Dni otwarte w ZPO\" href=\"https:\/\/zpotarnobrzeg.pl\/dni-otwarte-w-zpo\/\"><img loading=\"lazy\" decoding=\"async\" class=\"size-thumbnail wp-image-1176\" alt=\"DSC01590\" src=\"https:\/\/zpotarnobrzeg.pl\/wp-content\/uploads\/2017\/04\/DSC01590-150x150.jpg\" width=\"150\" height=\"150\" \/><\/a><figcaption id=\"caption-attachment-1176\" class=\"wp-caption-text\">Dni otwarte w ZPO<\/figcaption><\/figure>\n<figure id=\"attachment_1103\" aria-describedby=\"caption-attachment-1103\" style=\"width: 150px\" class=\"wp-caption alignleft\"><a title=\"Ocicanki z wizyt\u0105 w ZPO\" href=\"https:\/\/zpotarnobrzeg.pl\/ocicanki-z-wizyta-w-zpo\/\" rel=\"attachment wp-att-1103\"><img loading=\"lazy\" decoding=\"async\" class=\"size-thumbnail wp-image-1103\" alt=\"DSC01521\" src=\"https:\/\/zpotarnobrzeg.pl\/wp-content\/uploads\/2017\/03\/DSC01521-150x150.jpg\" width=\"150\" height=\"150\" \/><\/a><figcaption id=\"caption-attachment-1103\" class=\"wp-caption-text\">Ocicanki z wizyt\u0105 w ZPO<\/figcaption><\/figure>\n<figure id=\"attachment_1058\" aria-describedby=\"caption-attachment-1058\" style=\"width: 150px\" class=\"wp-caption alignleft\"><a title=\"Biskup w ZPO\" href=\"https:\/\/zpotarnobrzeg.pl\/sprzet-od-WOSP\/\" rel=\"attachment wp-att-1058\"><img loading=\"lazy\" decoding=\"async\" class=\"size-thumbnail wp-image-1058\" alt=\"DSC01448\" src=\"https:\/\/zpotarnobrzeg.pl\/wp-content\/uploads\/2017\/02\/DSC01448-150x150.jpg\" width=\"150\" height=\"150\" \/><\/a><figcaption id=\"caption-attachment-1058\" class=\"wp-caption-text\">Sprz\u0119t od WO\u015aP<\/figcaption><\/figure>\n<figure id=\"attachment_1058\" aria-describedby=\"caption-attachment-1058\" style=\"width: 150px\" class=\"wp-caption alignleft\"><a title=\"Biskup w ZPO\" href=\"https:\/\/zpotarnobrzeg.pl\/biskup-w-zpo\/\" rel=\"attachment wp-att-1058\"><img loading=\"lazy\" decoding=\"async\" class=\"size-thumbnail wp-image-1058\" alt=\"DSC01364\" src=\"https:\/\/zpotarnobrzeg.pl\/wp-content\/uploads\/2017\/02\/DSC01364-150x150.jpg\" width=\"150\" height=\"150\" \/><\/a><figcaption id=\"caption-attachment-1058\" class=\"wp-caption-text\">Biskup z ZPO<\/figcaption><\/figure>\n<figure id=\"attachment_1020\" aria-describedby=\"caption-attachment-1020\" style=\"width: 150px\" class=\"wp-caption alignleft\"><a title=\"Ch\u00f3r\" href=\"https:\/\/zpotarnobrzeg.pl\/chor\/\" rel=\"attachment wp-att-1020\"><img loading=\"lazy\" decoding=\"async\" class=\"size-thumbnail wp-image-1020\" alt=\"DSC01121\" src=\"https:\/\/zpotarnobrzeg.pl\/wp-content\/uploads\/2017\/01\/DSC01121-150x150.jpg\" width=\"150\" height=\"150\" \/><\/a><figcaption id=\"caption-attachment-1020\" class=\"wp-caption-text\">Ch\u00f3r w ZPO<\/figcaption><\/figure>\n<figure id=\"attachment_1020\" aria-describedby=\"caption-attachment-1020\" style=\"width: 150px\" class=\"wp-caption alignleft\"><a href=\"https:\/\/zpotarnobrzeg.pl\/koledowanie\/attachment\/111814\/\" rel=\"attachment wp-att-1020\"><img loading=\"lazy\" decoding=\"async\" class=\"size-thumbnail wp-image-1020\" alt=\"111814\" src=\"https:\/\/zpotarnobrzeg.pl\/wp-content\/uploads\/2017\/01\/111814-150x150.jpg\" width=\"150\" height=\"150\" \/><\/a><figcaption id=\"caption-attachment-1020\" class=\"wp-caption-text\">Kol\u0119dowanie<\/figcaption><\/figure>\n<figure id=\"attachment_946\" aria-describedby=\"caption-attachment-946\" style=\"width: 150px\" class=\"wp-caption alignleft\"><a title=\"Siostry zakonne\" href=\"https:\/\/zpotarnobrzeg.pl\/Siostry zakonne\/\"><img loading=\"lazy\" decoding=\"async\" class=\"size-thumbnail wp-image-946\" alt=\"DSC00741\" src=\"https:\/\/zpotarnobrzeg.pl\/wp-content\/uploads\/2016\/12\/DSC01020-150x150.jpg\" width=\"150\" height=\"150\" \/><\/a><figcaption id=\"caption-attachment-946\" class=\"wp-caption-text\">Siostry zakonne<\/figcaption><\/figure>\n<figure id=\"attachment_946\" aria-describedby=\"caption-attachment-946\" style=\"width: 150px\" class=\"wp-caption alignleft\"><a title=\"Wigilia\" href=\"https:\/\/zpotarnobrzeg.pl\/Wigilia\/\"><img loading=\"lazy\" decoding=\"async\" class=\"size-thumbnail wp-image-946\" alt=\"DSC00741\" src=\"https:\/\/zpotarnobrzeg.pl\/wp-content\/uploads\/2016\/12\/DSC00774-150x150.jpg\" width=\"150\" height=\"150\" \/><\/a><figcaption id=\"caption-attachment-946\" class=\"wp-caption-text\">Wigilia<\/figcaption><\/figure>\n<figure id=\"attachment_946\" aria-describedby=\"caption-attachment-946\" style=\"width: 150px\" class=\"wp-caption alignleft\"><a title=\"Miko\u0142aj w ZPO\" href=\"https:\/\/zpotarnobrzeg.pl\/mikolaj-w-zpo\/\"><img loading=\"lazy\" decoding=\"async\" class=\"size-thumbnail wp-image-946\" alt=\"DSC00741\" src=\"https:\/\/zpotarnobrzeg.pl\/wp-content\/uploads\/2016\/12\/DSC00741-150x150.jpg\" width=\"150\" height=\"150\" \/><\/a><figcaption id=\"caption-attachment-946\" class=\"wp-caption-text\">Miko\u0142aj w ZPO<\/figcaption><\/figure>\n<figure id=\"attachment_870\" aria-describedby=\"caption-attachment-870\" style=\"width: 150px\" class=\"wp-caption alignleft\"><a title=\"Koncert \u201ePomoc Serc\u201d\" href=\"https:\/\/zpotarnobrzeg.pl\/koncert-pomoc-serc\/\"><img loading=\"lazy\" decoding=\"async\" class=\"size-thumbnail wp-image-870\" alt=\"dsc00322\" src=\"https:\/\/zpotarnobrzeg.pl\/wp-content\/uploads\/2016\/11\/DSC00322-150x150.jpg\" width=\"150\" height=\"150\" \/><\/a><figcaption id=\"caption-attachment-870\" class=\"wp-caption-text\">Koncert &#8222;Pomoc Serc&#8221;<\/figcaption><\/figure>\n<figure id=\"attachment_857\" aria-describedby=\"caption-attachment-857\" style=\"width: 150px\" class=\"wp-caption alignleft\"><a title=\"Dni Seniora w ZPO\" href=\"https:\/\/zpotarnobrzeg.pl\/dni-seniora-w-zpo\/\"><img loading=\"lazy\" decoding=\"async\" class=\"size-thumbnail wp-image-857\" alt=\"dsc00271\" src=\"https:\/\/zpotarnobrzeg.pl\/wp-content\/uploads\/2016\/11\/DSC00271-150x150.jpg\" width=\"150\" height=\"150\" \/><\/a><figcaption id=\"caption-attachment-857\" class=\"wp-caption-text\">Dni Seniora w ZPO<\/figcaption><\/figure>\n<figure id=\"attachment_812\" aria-describedby=\"caption-attachment-812\" style=\"width: 150px\" class=\"wp-caption alignleft\"><a title=\"Zumba dla ZPO\" href=\"https:\/\/zpotarnobrzeg.pl\/zumba-dla-zpo\/\"><img loading=\"lazy\" decoding=\"async\" class=\"size-thumbnail wp-image-812\" alt=\"1-2\" src=\"https:\/\/zpotarnobrzeg.pl\/wp-content\/uploads\/2016\/11\/1-2-150x150.jpg\" width=\"150\" height=\"150\" \/><\/a><figcaption id=\"caption-attachment-812\" class=\"wp-caption-text\">Maraton ZUMBY dla ZPO<\/figcaption><\/figure>\n<figure id=\"attachment_801\" aria-describedby=\"caption-attachment-801\" style=\"width: 150px\" class=\"wp-caption alignleft\"><a title=\"Ch\u00f3r z Ukrainy\" href=\"https:\/\/zpotarnobrzeg.pl\/chor-z-ukrainy\/\"><img loading=\"lazy\" decoding=\"async\" class=\"size-thumbnail wp-image-801\" alt=\"20161027_143528\" src=\"https:\/\/zpotarnobrzeg.pl\/wp-content\/uploads\/2016\/11\/20161027_1435281-150x150.jpg\" width=\"150\" height=\"150\" \/><\/a><figcaption id=\"caption-attachment-801\" class=\"wp-caption-text\">Ch\u00f3r z Ukrainy<\/figcaption><\/figure>\n<figure id=\"attachment_777\" aria-describedby=\"caption-attachment-777\" style=\"width: 150px\" class=\"wp-caption alignleft\"><a title=\"Spotkanie z Prezydentem Grzegorzem Kie\u0142bem\" href=\"https:\/\/zpotarnobrzeg.pl\/spotkanie-z-prezydentem-grzegorzem-kielbem\/\"><img loading=\"lazy\" decoding=\"async\" class=\"size-thumbnail wp-image-777\" alt=\"DSCI0522\" src=\"https:\/\/zpotarnobrzeg.pl\/wp-content\/uploads\/2016\/10\/DSCI0522-150x150.jpg\" width=\"150\" height=\"150\" \/><\/a><figcaption id=\"caption-attachment-777\" class=\"wp-caption-text\">Spotkanie z Prezydentem<\/figcaption><\/figure>\n<figure id=\"attachment_754\" aria-describedby=\"caption-attachment-754\" style=\"width: 150px\" class=\"wp-caption alignleft\"><a title=\"Tydzie\u0144 otwartych drzwi\" href=\"https:\/\/zpotarnobrzeg.pl\/tydzien-otwartych-drzwi\/\"><img loading=\"lazy\" decoding=\"async\" class=\"size-thumbnail wp-image-754 \" alt=\"dsci0479\" src=\"https:\/\/zpotarnobrzeg.pl\/wp-content\/uploads\/2016\/10\/DSCI0479-150x150.jpg\" width=\"150\" height=\"150\" \/><\/a><figcaption id=\"caption-attachment-754\" class=\"wp-caption-text\">Tydzie\u0144 otwartych drzwi<\/figcaption><\/figure>\n<figure id=\"attachment_724\" aria-describedby=\"caption-attachment-724\" style=\"width: 150px\" class=\"wp-caption alignleft\"><a title=\"Spotkanie z Prezydentem\" href=\"https:\/\/zpotarnobrzeg.pl\/spotkanie-z-prezydentem\/\"><img loading=\"lazy\" decoding=\"async\" class=\"size-thumbnail wp-image-724\" title=\"DSCI0408\" alt=\"\" src=\"https:\/\/zpotarnobrzeg.pl\/wp-content\/uploads\/2016\/10\/DSCI0408-150x150.jpg\" width=\"150\" height=\"150\" \/><\/a><figcaption id=\"caption-attachment-724\" class=\"wp-caption-text\">Spotkanie z Prezydentem<\/figcaption><\/figure>\n<figure id=\"attachment_681\" aria-describedby=\"caption-attachment-681\" style=\"width: 150px\" class=\"wp-caption alignleft\"><a title=\"Biomed\" href=\"https:\/\/zpotarnobrzeg.pl\/biomed\/\"><img loading=\"lazy\" decoding=\"async\" class=\"size-thumbnail wp-image-681\" title=\"DSCI0357\" alt=\"\" src=\"https:\/\/zpotarnobrzeg.pl\/wp-content\/uploads\/2016\/10\/DSCI0357-150x150.jpg\" width=\"150\" height=\"150\" \/><\/a><figcaption id=\"caption-attachment-681\" class=\"wp-caption-text\">Spotkanie z Biomedem<\/figcaption><\/figure>\n<figure id=\"attachment_711\" aria-describedby=\"caption-attachment-711\" style=\"width: 150px\" class=\"wp-caption alignleft\"><a href=\"https:\/\/zpotarnobrzeg.pl\/wp-content\/uploads\/2016\/09\/DSC07516.jpg\"><img loading=\"lazy\" decoding=\"async\" class=\"size-thumbnail wp-image-711\" title=\"DSC07516\" alt=\"\" src=\"https:\/\/zpotarnobrzeg.pl\/wp-content\/uploads\/2016\/09\/DSC07516-150x150.jpg\" width=\"150\" height=\"150\" \/><\/a><figcaption id=\"caption-attachment-711\" class=\"wp-caption-text\">Wsp\u00f3\u0142praca ze Szko\u0142\u0105<\/figcaption><\/figure>\n<figure id=\"attachment_642\" aria-describedby=\"caption-attachment-642\" style=\"width: 150px\" class=\"wp-caption alignleft\"><a title=\"Piknik\" href=\"https:\/\/zpotarnobrzeg.pl\/piknik\/\"><img loading=\"lazy\" decoding=\"async\" class=\"size-thumbnail wp-image-642\" title=\"DSC06508\" alt=\"\" src=\"https:\/\/zpotarnobrzeg.pl\/wp-content\/uploads\/2016\/09\/DSC06508-150x150.jpg\" width=\"150\" height=\"150\" \/><\/a><figcaption id=\"caption-attachment-642\" class=\"wp-caption-text\">Piknik w ZPO<\/figcaption><\/figure>\n<figure id=\"attachment_692\" aria-describedby=\"caption-attachment-692\" style=\"width: 150px\" class=\"wp-caption alignleft\"><a title=\"Ognisko\" href=\"https:\/\/zpotarnobrzeg.pl\/ognisko\/\"><img loading=\"lazy\" decoding=\"async\" class=\"size-thumbnail wp-image-692\" title=\"DSC07396\" alt=\"\" src=\"https:\/\/zpotarnobrzeg.pl\/wp-content\/uploads\/2016\/09\/DSC07396-150x150.jpg\" width=\"150\" height=\"150\" \/><\/a><figcaption id=\"caption-attachment-692\" class=\"wp-caption-text\">Ognisko<\/figcaption><\/figure>\n","protected":false},"excerpt":{"rendered":"","protected":false},"author":1,"featured_media":0,"parent":0,"menu_order":0,"comment_status":"closed","ping_status":"closed","template":"","meta":{"footnotes":""},"class_list":["post-506","page","type-page","status-publish","hentry"],"_links":{"self":[{"href":"https:\/\/zpotarnobrzeg.pl\/index.php?rest_route=\/wp\/v2\/pages\/506","targetHints":{"allow":["GET"]}}],"collection":[{"href":"https:\/\/zpotarnobrzeg.pl\/index.php?rest_route=\/wp\/v2\/pages"}],"about":[{"href":"https:\/\/zpotarnobrzeg.pl\/index.php?rest_route=\/wp\/v2\/types\/page"}],"author":[{"embeddable":true,"href":"https:\/\/zpotarnobrzeg.pl\/index.php?rest_route=\/wp\/v2\/users\/1"}],"replies":[{"embeddable":true,"href":"https:\/\/zpotarnobrzeg.pl\/index.php?rest_route=%2Fwp%2Fv2%2Fcomments&post=506"}],"version-history":[{"count":125,"href":"https:\/\/zpotarnobrzeg.pl\/index.php?rest_route=\/wp\/v2\/pages\/506\/revisions"}],"predecessor-version":[{"id":1668,"href":"https:\/\/zpotarnobrzeg.pl\/index.php?rest_route=\/wp\/v2\/pages\/506\/revisions\/1668"}],"wp:attachment":[{"href":"https:\/\/zpotarnobrzeg.pl\/index.php?rest_route=%2Fwp%2Fv2%2Fmedia&parent=506"}],"curies":[{"name":"wp","href":"https:\/\/api.w.org\/{rel}","templated":true}]}}